+ (0 - -3)?
2
Evaluate 2 + (2 - 1) + (-2 - -3).
4
Calculate -11 - (13 - 1 - 22).
-1
What is (3 - (4 + -2)) + 1 + -1?
1
0 + -1 + (61 - 60)
0
What is the value of 3 - (0 - (-6 + 7))?
4
What is 0 + (-8 + 5 - -2)?
-1
What is 0 + 5 - (3 + (-1 - -1))?
2
What is 3 + -5 + (-1 - 10) - -7?
-6
What is 3 + (-3 - -2) - (3 + 1)?
-2
Evaluate 0 - (3 - (3 + -1) - 1).
0
Calculate 5 - (2 - 0) - (0 + 5).
-2
(-1 - (-1 + -4)) + -4
0
1 + 1 + -1 - (-14 - -18)
-3
What is the value of 2 + 1 + -2 - -4?
5
-1 + (-6 - -2) + 0 + 5
0
What is the value of 2 - (2 + (4 - 3)) - -2?
1
Calculate 2 + -1 + -1 + -3.
-3
Evaluate (2 + (1 - 1) - 3) + 0.
-1
What is the value of 0 + (0 - 4 - -4)?
0
What is the value of (14 - 14) + (10 - 2) + -2?
6
What is the value of -1 + 8 - 12 - (-13 - 0)?
8
What is the value of 5 - ((-13 - -18) + -3 + 0)?
3
What is 10 - -1 - (-23 + 39)?
-5
Evaluate (0 - (0 + 1)) + -8 + 11.
2
(-12 - (-3 + -2)) + -2
-9
(-4 - -9) + -9 + 4 - 3
-3
Evaluate (1 - -1) + (1 + -5 - -2).
0
Calculate 1 + (3 - 7) - (3 + -6).
0
Calculate 13 + 2 - (-54 - -61).
8
Calculate 3 + 6 + 7 + -14.
2
(-1 - (5 - 4)) + 10
8
Calculate -1 - ((0 - (-1 + 2)) + -1).
1
Evaluate 7 + (7 - 15) + -3 + 10.
6
Calculate (4 - 15 - -5) + 5 - -3.
2
3 + 9 + -23 + 5
-6
Calculate (-4 - -1) + (5 - 4).
-2
What is 1 + (1 - 4 - -4)?
2
What is the value of -1 + (0 - -2) + (-51 - -45)?
-5
-10 + 5 - (-2 + 2 + 2)
-7
What is -2 + -1 + 7 - (-25 + 36)?
-7
What is the value of 10 - (-6 + 8) - 10?
-2
What is -2 + 4 + 1 - 1 - 2?
0
What is -5 + 4 + (-6 - 0) + 5?
-2
What is the value of -11 + -6 + 9 - (-1 - 0)?
-7
What is 3 - (-3 + 0 + (11 - 6))?
1
What is (3 - (-1 - -2)) + -38 + 40?
4
4 - 1 - (0 + 1)
2
Calculate 2 + -6 + 1 + -1.
-4
What is -1 + 2 - (23 - 26)?
4
Calculate (-5 - -11 - 6) + (7 - 5).
2
4 + 0 + (-11 - -5) + 3
1
Calculate (8 - -1) + 2 + -19.
-8
1 - -5 - (-5 - (-14 + 4))
1
Evaluate -12 + 12 + (-1 - 1) + 0.
-2
What is -12 - (10 - 33 - -12)?
-1
8 + (-6 - (-4 - (6 - 7)))
5
Calculate -5 - (0 - -3 - 7).
-1
Evaluate -2 - ((1 - -9) + -6).
-6
Calculate (4 - 6 - 6) + 2.
-6
1 + (-4 - -1) - (18 + -20)
0
(-3 - -7) + 2 + 11 + -24
-7
What is the value of 3 + 0 + (3 - -6 - 6)?
6
What is (1 + -2 - 2) + -101 + 110?
6
What is the value of 11 + (-8 - 0) - (-1 + -1)?
5
Evaluate -10 + 4 - (-14 + 1).
7
Calculate (-5 + 8 - -5 - 3) + -3.
2
Evaluate -7 + (0 - (-5 - 2)).
0
Calculate 11 + 0 - (-63 + 70).
4
Calculate 7 + (2 - (20 + -5)) + 7.
1
What is the value of 6 - (9 + (-3 - (-5 - -6)))?
1
34 + -41 + (7 - 0)
0
What is the value of -6 - (-4 + (6 - 2) + -2)?
-4
What is the value of -6 + (-5 + 22 + -3 - 5)?
3
What is -4 + (-1 - -3) + (7 - 3)?
2
Calculate (-14 - 3 - -8) + 7.
-2
What is the value of (-6 - -1) + (9 - -4 - 8)?
0
What is the value of 1 - (9 - 4) - -1?
-3
Evaluate -1 - (-3 - (-5 + -2)).
-5
Calculate (5 - 3) + 4 + -5.
1
What is the value of 2 + -2 + -22 + 16?
-6
Calculate (6 - 14) + 8 - 3.
-3
Evaluate (2 - (2 - 4)) + -4.
0
What is the value of (-3 - -5) + (-7 - -6 - -4)?
5
What is the value of -11 + 22 - 7 - (-1 + 2)?
3
What is -15 + (5 - -10) + -1 + 3?
2
What is 5 + (0 - 8) - 2?
-5
Calculate 5 + -2 + (-2 - -4).
5
What is the value of 9 + -12 - (0 - -2)?
-5
What is 0 + 8 + (6 - 22)?
-8
What is the value of 0 + (1 - 0) - -1 - 2?
0
Evaluate -3 + -2 + -6 + -3 + 10.
-4
Calculate 4 - ((2 - 2) + -2 + 3).
3
(5 - (0 - 3)) + -4 + -5
-1
What is 20 + -8 - (-2 + 9)?
5
What is the value of 8 + -2 + 2 - (-9 - -11)?
6
What is the value of 2 + (-1 - 10) - -7?
-2
What is the value of 5 + 2 + -3 + 4 - 5?
3
Calculate (5 - 3) + 2 + -2.
2
Calculate 6 + -3 + -6 + (4 - 4).
-3
What is the value of -6 + 2 + 0 + 2 - -4?
2
What is (-10 - -5) + (-3 - 2 - -1)?
-9
-8 - (4 - 9) - 0 - -1
-2
12 + -1 + -11 + 8 + -3
5
-4 - (5 + -15) - 5
1
5 + -8 + 7 + 0
4
What is the value of -1 - -4 - (-15 + 15)?
3
What is 1 - (1 + -4) - (11 + -8)?
1
What is the value of 14 - ((-1 - -6) + 0 + 1)?
8
Calculate -7 + -2 + 8 + 2.
1
-4 - (-10 + 14 + 3 + -9)
-2
Evaluate (4 - 1) + -2 - (2 + 0).
-1
(-2 - -3) + (1 - (-4 + 0))
6
2 + (12 - (-8 + 12) - 7)
3
What is 2 + (7 + 0 - (-35 + 41))?
3
What is (2 - 5) + (3 - 0) + 2?
2
What is 7 - (3 - (-1 - 6))?
-3
What is -1 - -1 - 5 - (-3 - 0)?
-2
What is 1 - 0 - 2 - (-25 + 21)?
3
Calculate 0 + (-4 - -2) + -1 + 4.
1
What is -3 + (3 - (3 - 6))?
3
What is the value of 0 - (-2 + (5 - (-4 - -2)))?
-5
Calculate (2 - 0) + (-2 - -2) + -1.
1
4 - (1 - (-3 + 2 - 0))
2
3 - (-3 + 7) - -1
0
Evaluate 0 - (4 - (-5 + 11)).
2
What is the value of (0 - -2) + 1 - (-12 + 19)?
-4
5 + -4 + 5 - 3
3
12 - ((8 - 0) + 1)
3
What is -2 - -13 - (-1 - -7)?
5
Evaluate 2 + (-10 - -5) + 4.
1
Evaluate -1 + 4 - (19 - 10).
-6
What is the value of 10 + 3 + -6 - (1 - -1)?
5
-3 + 4 - (1 + -2 + -1)
3
-30 + 21 + 0 + 0
-9
What is the value of -1 + -9 - (-8 - -3)?
-5
1 + -9 + 1 + -16 + 18
-5
What is the value of -1 - -1 - (0 + 4)?
-4
6 + (-9 + 0 - -5)
2
Calculate (-93 - -95) + (-7 - (0 - 1)).
-4
What is (0 - 4 - 1) + 7?
2
Evaluate (2 - 1) + (-9 - -3) + 5.
0
What is the value of -23 + 21 + (0 - 2)?
-4
6 - (0 + 4 - 2)
4
Evaluate -15 + 4 + -5 + (7 - -2).
-7
What is the value of (4 + 6 - 21) + 7?
-4
What is 6 + -7 + 6 - (5 + 0)?
0
Evaluate 9 - 6 - (-2 - -7) - -4.
2
What is (-12 - -14) + -1 + -3?
-2
Evaluate 5 + -4 + -8 + 2 + 7.
2
Calculate 5 - ((5 - (4 + -8)) + 2).
-6
Calculate (5 - (2 + 1)) + 3.
5
Calculate (-27 - -34) + -8 + (-2 - -1).
-2
What is -14 + 25 + 1 + 2 + -7?
7
What is the value of -6 + 5 + 0 - 4?
-5
2 - (4 + 3 - 1)
-4
What is (-3 - (4 - 5)) + 4?
2
What is the value of -3 + -7 - (7 + -22)?
5
What is (-3 - 6) + 12 + 0 + -8?
-5
What is the value of (-5 - -6 - 1) + -3 - 5?
-8
What is the value of 1 + (6 - 6) + -2 + -1?
-2
What is the value of (0 - 1 - 1) + (2 - 5)?
-5
0 + (-2 - 1) + 4
1
What is -3 - (3 + 6 + -7 + 0)?
-5
What is 8 - 14 - -11 - (0 + 5)?
0
What is the value of 1 + (-12 - (0 - 3))?
-8
Evaluate -6 + (1 - 3) + 3.
-5
2 + (3 - 5 - -1 - -3)
4
What is -19 - -26 - (10 - -3)?
-6
What is the value of 3 - (21 + -15) - (0 + 3)?
-6
Calculate 0 + -5 + (-23 - -30).
2
Calculate -1 + (-3 - (-8 + -3 + 6)).
1
Evaluate -2 + -1 + 6 + (3 - 4).
2
Calculate -1 - -2 - 3 - -8.
6
What is the value of 6 + -1 + 16 + -15 + -3?
3
What is 4 - 12 - (-3 + 1) - -11?
5
Calculate -12 - (-3 + -3) - (-6 + 2).
-2
What is -4 + 3 + (7 - 3)?
3
What is the value of 5 + 3 + (-3 - (-2 - -3))?
4
What is the value of 15 + -17 + (0 - -1)?
-1
(-19 - -18) + (1 - (-1 - -1))
0
What is the value of -7 - (-7 - (-2 - 4))?
-6
-7 - (4 - 6 - 2) - -2
-1
What is the value of 2 + (-4 + 9 - (3 + 0))?
4
What is -1 + 10 + (0 - 5)?
4
What is the value of 99 + -97 + (0 - 2) + 2?
2
Calculate -2 + -7 + 7 + -1.
-3
What is the value of 1 + (-1 + -1 - (4 - 6))?
1
What is -5 - (4 + (-8 - -5))?
-6
What is (5 - 3) + 8 + -6?
4
What is 0 + 0 - (7 + 3 + -5)?
-5
Calculate 3 - (-2 + (-1 - 3) + 9).
0
(-2 - 2) + 0 + -1
-5
What is the value of 21 + -18 - (3 - -2)?
-2
Calculate 8 - (1 - (3 - 5)).
5
Calculate -2 - ((-2 - -1) + -2).
1
7 + 0 + 1 - 5
3
What is the value of -2 - (8 + (-9 - -7))?
-8
What is the value of -1 - (-4 + (8 - 5) + 5)?
-5
Evaluate -6 - ((4 + -5 - 0) + 4).
-9
-43 - -42 - (0 + 1)
-2
Calculate 12 + 0 + -2 + (13 - 13).
10
Evaluate 6 + (6 - (3 + 7)).
2
Calculate 1 + -6 + 11 + (4 - 8).
2
What is 14 - (2 - (1 - (-1 - -8)))?
6
What is the value of (-7 - 1 - -4) + (2 - 4)?
-6
Calculate 4 + (2 + (1 - 16) - -6).
-3
Evaluate 21 + -13 + -8 + 3 + 7.
10
Evaluate 2 + (0 - -4 - 3) + -2.
1
Evaluate 1 + -9 + (-22 - -33).
3
Evaluate -1 - (-5 + (6 - 1) - 6).
5
0 - 2 - (18 + -26)
6
What is 9 - 2 - 2 - (84 - 83)?
4
1 + 4 + 0 + -5 + 1
1
Calculate (-3 - -1) + (-1 - -3) + -3.
-3
-6 + 0 + (-2 - -3) + 4
-1
Calculate 11 + (0 - (-3 + 8)).
6
Evaluate (0 - 2) + 1 + 0.
-1
(5 - -1) + 46 + -44
8
Evaluate 3 - 2 - (-4 - -8).
-3
(9 - (0 + -1)) + -10
0
What is 31 - 36 - (-9 - (-2 - 0))?
2
What is the value of 7 - ((-4 - -14) + -4)?
1
What is the value of 6 - 0 - (0 + 12)?
-6
Evaluate 4 - 7 - (-18 + 15).
0
5 + (4 + -4 + 0 - 9)
-4
Evaluate 1 + 2 + 8 - 11.
0
Calculate (1 - (-8 - 1)) + -7.
3
What is 4 + -1 + (-10 - -14 - 7)?
0
Calculate 3 - 3 - (0 - 1).
1
What is 2 + -2 + -2 - (-5 - -7)?
-4
-4 - (-1 + -7 - (1 - 5))
0
What is 4 + 1 - (-9 + 12)?
2
What is the value of 2 + (5 - 11) + 3 - -5?
4
Calculate -3 - (-3 - (1 + 2 - 12)).
-9
What is (6 - 15) + 12 - 9?
-6
Evaluate -15 + 11 + -